ime number?
False
Is 65213 prime?
True
Is 29411 composite?
False
Is 13439 a prime number?
False
Is 8641 prime?
True
Is 2926471 composite?
True
Is 20107 prime?
True
Is 6247 a composite number?
False
Is 2503 composite?
False
Is 1324831 prime?
True
Is 7901 composite?
False
Is 5791 a composite number?
False
Is 540139 a prime number?
True
Is 5161931 composite?
True
Is 20122 a composite number?
True
Is 728171 composite?
True
Is 20593 a composite number?
False
Is 185513 prime?
False
Is 8887 prime?
True
Is 817979 a composite number?
False
Is 462607 prime?
True
Is 110899 composite?
False
Is 71059 prime?
True
Is 641 composite?
False
Is 76981 a prime number?
False
Is 150521 composite?
True
Is 1259 a composite number?
False
Is 705571 composite?
True
Is 21779 a prime number?
False
Is 261557 prime?
True
Is 7789 a prime number?
True
Is 23158 a composite number?
True
Is 1897 composite?
True
Is 14305 prime?
False
Is 10453 a composite number?
False
Is 555277 prime?
True
Is 66659 prime?
False
Is 82549 a prime number?
True
Is 118387 prime?
True
Is 107063 a composite number?
True
Is 143741 a composite number?
True
Is 5381 prime?
True
Is 101483 prime?
True
Is 22409 composite?
False
Is 2479 a prime number?
False
Is 35 a prime number?
False
Is 473371 a composite number?
True
Is 102421 composite?
True
Is 5839 a prime number?
True
Is 7323 composite?
True
Is 9587 composite?
False
Is 446317 a prime number?
False
Is 36383 composite?
False
Is 4717 prime?
False
Is 142771 composite?
False
Is 18839 prime?
True
Is 1618 prime?
False
Is 121 prime?
False
Is 31859 a prime number?
True
Is 255449 a composite number?
True
Is 29101 a composite number?
False
Is 294613 prime?
False
Is 25255 a composite number?
True
Is 2939 composite?
False
Is 4931 a composite number?
False
Is 367181 a prime number?
True
Is 2503 prime?
True
Is 679517 prime?
True
Is 123749 a composite number?
True
Is 38803 composite?
False
Is 165961 a composite number?
False
Is 306239 prime?
True
Is 11213 a prime number?
True
Is 244907 composite?
True
Is 774794 a composite number?
True
Is 44617 a prime number?
True
Is 27361 a prime number?
True
Is 5039 a composite number?
False
Is 9967 a composite number?
False
Is 404609 composite?
True
Is 36353 prime?
True
Is 10473 composite?
True
Is 1361 a composite number?
False
Is 842551 prime?
True
Is 35687 a composite number?
True
Is 97 prime?
True
Is 474899 composite?
False
Is 1069 a prime number?
True
Is 9637 composite?
True
Is 29923 a composite number?
True
Is 32458 a prime number?
False
Is 1217 prime?
True
Is 11777 a composite number?
False
Is 664467 a prime number?
False
Is 31989 composite?
True
Is 259609 prime?
False
Is 74389 a prime number?
False
Is 1652345 prime?
False
Is 1369 a composite number?
True
Is 3831 prime?
False
Is 403633 a composite number?
True
Is 94 composite?
True
Is 13093 prime?
True
Is 3949 composite?
True
Is 29353 composite?
True
Is 719365 a prime number?
False
Is 11015 a prime number?
False
Is 18059 a composite number?
False
Is 58271 a prime number?
True
Is 48751 prime?
True
Is 623 prime?
False
Is 15401 composite?
False
Is 94409 a composite number?
True
Is 11549 prime?
True
Is 6389 a composite number?
False
Is 1594 a composite number?
True
Is 3137 prime?
True
Is 4547 composite?
False
Is 18453 prime?
False
Is 8507 a composite number?
True
Is 12847 a prime number?
False
Is 3691 a composite number?
False
Is 37747 a prime number?
True
Is 3352249 prime?
True
Is 7561 a composite number?
False
Is 17543 a composite number?
True
Is 238859 a prime number?
True
Is 211 composite?
False
Is 160717 a composite number?
True
Is 9481 a prime number?
False
Is 476887 a composite number?
False
Is 36809 a prime number?
True
Is 72097 a prime number?
False
Is 1178521 a prime number?
True
Is 5583 prime?
False
Is 6089 a prime number?
True
Is 735979 composite?
False
Is 10831 a prime number?
True
Is 7671 a composite number?
True
Is 1954 a composite number?
True
Is 87349 composite?
True
Is 383447 composite?
True
Is 25391 a composite number?
False
Is 20407 composite?
False
Is 195259 a prime number?
True
Is 676031 a composite number?
False
Is 6139 a composite number?
True
Is 91433 a composite number?
False
Is 86923 a prime number?
True
Is 31979 a prime number?
False
Is 88189 a prime number?
False
Is 17926 a composite number?
True
Is 320627 composite?
False
Is 602057 a prime number?
True
Is 123857 prime?
False
Is 43481 a prime number?
True
Is 24593 a composite number?
False
Is 72089 prime?
True
Is 28873 composite?
True
Is 16597 composite?
True
Is 218377 prime?
False
Is 977021 a prime number?
True
Is 265451 composite?
False
Is 360391 prime?
True
Is 379 composite?
False
Is 30703 composite?
False
Is 749237 a prime number?
True
Is 898159 a composite number?
True
Is 191 a prime number?
True
Is 83477 a prime number?
True
Is 139559 composite?
True
Is 615953 a composite number?
True
Is 70673 prime?
False
Is 10315 a composite number?
True
Is 4691 a composite number?
False
Is 1132031 a prime number?
False
Is 24789 prime?
False
Is 13913 composite?
False
Is 514309 composite?
False
Is 11519 composite?
False
Is 3067 prime?
True
Is 7433 prime?
True
Is 27929 a composite number?
True
Is 2081407 a composite number?
False
Is 12781 composite?
False
Is 900001 a composite number?
False
Is 36247 composite?
True
Is 218279 composite?
False
Is 4327 prime?
True
Is 130969 composite?
False
Is 850909 prime?
False
Is 214141 a prime number?
True
Is 34421 prime?
True
Is 1543 a prime number?
True
Is 409097 a composite number?
True
Is 1397 prime?
False
Is 136103 a prime number?
False
Is 1700281 composite?
True
Is 40701 a prime number?
False
Is 70267 prime?
False
Is 96379 a composite number?
True
Is 25717 composite?
False
Is 27355 a prime number?
False
Is 4327 a prime number?
True
Is 188521 a prime number?
False
Is 4183 composite?
True
Is 165203 a prime number?
True
Is 10799 a prime number?
True
Is 274973 prime?
True
Is 173039 prime?
True
Is 2045 prime?
False
Is 191 prime?
True
Is 1278443 a composite number?
True
Is 215123 a prime number?
True
Is 81761 composite?
False
Is 3442 a prime number?
False
Is 2171 composite?
True
Is 99967 a prime number?
False
Is 12227 composite?
False
Is 46133 a prime number?
True
Is 10579 a composite number?
True
Is 60181 prime?
False
Is 5953 prime?
True
Is 6119 a composite number?
True
Is 8333 composite?
True
Is 1931 a prime number?
True
Is 49778 prime?
False
Is 283369 prime?
True
Is 38293 composite?
True
Is 225671 a composite number?
False
Is 7279 prime?
False
Is 40871 a composite number?
True
Is 123835 a prime number?
False
Is 4499 a composite number?
True
Is 292397 prime?
False
Is 268901 composite?
True
Is 7411 composite?
False
Is 3659 a composite number?
False
Is 340529 prime?
False
Is 263731 a composite number?
True
Is 24407 a composite number?
False
Is 217873 a prime number?
False
Is 149411 a prime number?
True
Is 485263 a prime number?
True
Is 4193 prime?
False
Is 65761 a prime number?
True
Is 14387 a prime number?
True
Is 56363 prime?
False
Is 257437 composite?
False
Is 268379 a prime number?
False
Is 9983 composite?
True
Is 1537 a composite number?
True
Is 244679 prime?
False
Is 66985 a prime number?
False
Is 196093 a prime number?
False
Is 58147 a prime number?
True
Is 200599 a composite number?
True
Is 3191 prime?
True
Is 2423 prime?
True
Is 101219 composite?
True
Is 10447 composite?
True
Is 20911 prime?
False
Is 8009 composite?
False
Is 69539 composite?
False
Is 62711 a prime number?
False
Is 880511 composite?
True
Is 59441 prime?
True
Is 20183 composite?
False
Is 829109 a prime number?
False
Is 6005 prime?
False
Is 514309 a prime number?
True
Is 2173 a composite number?
True
Is 61169 prime?
True
Is 6101 a composite number?
False
Is 259099 composite?
False
Is 11279 a prime number?
True
Is 5623 a prime number?
True
Is 81383 composite?
True
Is 3791 prime?
False
Is 40219 a prime number?
False
Is 510243 a composite number?
True
Is 2697299 composite?
True
Is 139387 prime?
True
Is 7069 a prime number?
True
Is 5561 prime?
False
Is 9029 composite?
False
Is 64019 composite?
False
Is 14318 prime?
False
Is 151019 a composite number?
True
Is 138239 prime?
True
Is 1953761 prime?
True
Is 20129 composite?
False
Is 64265 a prime number?
False
Is 29833 prime?
True
Is 148739 a composite number?
T